remainder when 1726 is divided by 72?
70
What is the remainder when 55 is divided by 22?
11
What is the remainder when 571 is divided by 4?
3
What is the remainder when 1081 is divided by 19?
17
What is the remainder when 194 is divided by 93?
8
Calculate the remainder when 223 is divided by 34.
19
Calculate the remainder when 1893 is divided by 76.
69
Calculate the remainder when 11647 is divided by 33.
31
What is the remainder when 1614 is divided by 269?
0
Calculate the remainder when 50 is divided by 18.
14
Calculate the remainder when 127 is divided by 41.
4
Calculate the remainder when 116 is divided by 39.
38
What is the remainder when 73 is divided by 6?
1
Calculate the remainder when 287 is divided by 16.
15
Calculate the remainder when 38 is divided by 3.
2
Calculate the remainder when 126 is divided by 26.
22
Calculate the remainder when 1309 is divided by 37.
14
What is the remainder when 18271 is divided by 49?
43
What is the remainder when 49 is divided by 19?
11
What is the remainder when 63 is divided by 36?
27
What is the remainder when 280 is divided by 245?
35
Calculate the remainder when 52370 is divided by 406.
402
Calculate the remainder when 726 is divided by 103.
5
Calculate the remainder when 44 is divided by 32.
12
What is the remainder when 13665 is divided by 173?
171
Calculate the remainder when 188 is divided by 23.
4
Calculate the remainder when 359 is divided by 20.
19
Calculate the remainder when 115 is divided by 26.
11
Calculate the remainder when 343 is divided by 58.
53
Calculate the remainder when 3429 is divided by 98.
97
What is the remainder when 2914 is divided by 11?
10
Calculate the remainder when 115 is divided by 30.
25
Calculate the remainder when 109 is divided by 22.
21
Calculate the remainder when 236 is divided by 10.
6
What is the remainder when 6317 is divided by 147?
143
What is the remainder when 195 is divided by 51?
42
What is the remainder when 311 is divided by 240?
71
Calculate the remainder when 135 is divided by 31.
11
Calculate the remainder when 6722 is divided by 25.
22
What is the remainder when 364 is divided by 121?
1
Calculate the remainder when 5058 is divided by 44.
42
What is the remainder when 237 is divided by 92?
53
What is the remainder when 1169 is divided by 16?
1
What is the remainder when 354 is divided by 132?
90
Calculate the remainder when 110 is divided by 60.
50
What is the remainder when 315 is divided by 285?
30
Calculate the remainder when 699 is divided by 54.
51
What is the remainder when 180 is divided by 47?
39
Calculate the remainder when 417 is divided by 91.
53
What is the remainder when 159 is divided by 26?
3
What is the remainder when 151 is divided by 78?
73
What is the remainder when 2947 is divided by 44?
43
Calculate the remainder when 42 is divided by 12.
6
Calculate the remainder when 2014 is divided by 77.
12
What is the remainder when 982 is divided by 61?
6
Calculate the remainder when 75 is divided by 5.
0
What is the remainder when 858 is divided by 14?
4
What is the remainder when 108 is divided by 10?
8
What is the remainder when 1018 is divided by 5?
3
Calculate the remainder when 131 is divided by 9.
5
Calculate the remainder when 101 is divided by 22.
13
Calculate the remainder when 32 is divided by 22.
10
What is the remainder when 276 is divided by 71?
63
Calculate the remainder when 552 is divided by 5.
2
Calculate the remainder when 250 is divided by 21.
19
Calculate the remainder when 7341 is divided by 108.
105
Calculate the remainder when 1379 is divided by 25.
4
What is the remainder when 207 is divided by 18?
9
What is the remainder when 181 is divided by 55?
16
What is the remainder when 336 is divided by 9?
3
Calculate the remainder when 125 is divided by 23.
10
Calculate the remainder when 250 is divided by 7.
5
What is the remainder when 143 is divided by 38?
29
What is the remainder when 95 is divided by 26?
17
What is the remainder when 555 is divided by 49?
16
Calculate the remainder when 80 is divided by 17.
12
What is the remainder when 307 is divided by 22?
21
What is the remainder when 1107 is divided by 37?
34
What is the remainder when 458 is divided by 115?
113
Calculate the remainder when 102 is divided by 21.
18
Calculate the remainder when 122 is divided by 4.
2
Calculate the remainder when 146 is divided by 77.
69
Calculate the remainder when 11970 is divided by 146.
144
What is the remainder when 352 is divided by 348?
4
Calculate the remainder when 3247 is divided by 26.
23
Calculate the remainder when 27 is divided by 11.
5
What is the remainder when 541 is divided by 8?
5
Calculate the remainder when 497 is divided by 126.
119
Calculate the remainder when 5521 is divided by 325.
321
What is the remainder when 396 is divided by 132?
0
What is the remainder when 330 is divided by 19?
7
Calculate the remainder when 2849 is divided by 9.
5
Calculate the remainder when 751 is divided by 184.
15
Calculate the remainder when 22895 is divided by 16.
15
Calculate the remainder when 135 is divided by 77.
58
Calculate the remainder when 91 is divided by 91.
0
Calculate the remainder when 595 is divided by 67.
59
What is the remainder when 77 is divided by 3?
2
Calculate the remainder when 275 is divided by 31.
27
Calculate the remainder when 34 is divided by 21.
13
Calculate the remainder when 16336 is divided by 215.
211
Calculate the remainder when 1573 is divided by 102.
43
Calculate the remainder when 4480 is divided by 115.
110
What is the remainder when 663 is divided by 129?
18
Calculate the remainder when 134 is divided by 64.
6
Calculate the remainder when 322 is divided by 184.
138
What is the remainder when 397 is divided by 105?
82
Calculate the remainder when 446 is divided by 14.
12
Calculate the remainder when 4153 is divided by 32.
25
Calculate the remainder when 45 is divided by 8.
5
What is the remainder when 123 is divided by 18?
15
What is the remainder when 309 is divided by 25?
9
Calculate the remainder when 537 is divided by 11.
9
Calculate the remainder when 41 is divided by 14.
13
What is the remainder when 1029 is divided by 19?
3
What is the remainder when 438 is divided by 10?
8
What is the remainder when 204 is divided by 66?
6
What is the remainder when 25 is divided by 5?
0
Calculate the remainder when 3638 is divided by 5.
3
What is the remainder when 1103 is divided by 24?
23
Calculate the remainder when 5547 is divided by 146.
145
What is the remainder when 570 is divided by 22?
20
Calculate the remainder when 4328 is divided by 76.
72
Calculate the remainder when 613 is divided by 195.
28
Calculate the remainder when 106 is divided by 36.
34
What is the remainder when 984 is divided by 482?
20
What is the remainder when 118 is divided by 8?
6
What is the remainder when 419 is divided by 30?
29
What is the remainder when 191 is divided by 61?
8
What is the remainder when 17337 is divided by 51?
48
What is the remainder when 72 is divided by 10?
2
What is the remainder when 1987 is divided by 16?
3
Calculate the remainder when 199 is divided by 68.
63
Calculate the remainder when 952 is divided by 51.
34
What is the remainder when 36 is divided by 7?
1
What is the remainder when 312 is divided by 95?
27
What is the remainder when 1214 is divided by 174?
170
What is the remainder when 1689 is divided by 121?
116
What is the remainder when 86 is divided by 49?
37
What is the remainder when 848 is divided by 326?
196
What is the remainder when 1583 is divided by 122?
119
Calculate the remainder when 1341 is divided by 85.
66
Calculate the remainder when 75 is divided by 21.
12
Calculate the remainder when 11 is divided by 8.
3
What is the remainder when 63 is divided by 11?
8
What is the remainder when 5568 is divided by 45?
33
What is the remainder when 328 is divided by 55?
53
What is the remainder when 303 is divided by 106?
91
What is the remainder when 175 is divided by 60?
55
What is the remainder when 6705 is divided by 43?
40
Calculate the remainder when 1047 is divided by 70.
67
What is the remainder when 57 is divided by 23?
11
Calculate the remainder when 227 is divided by 23.
20
Calculate the remainder when 2435 is divided by 601.
31
What is the remainder when 1338 